o). Calculate the greatest common factor of 12 and u.
12
Let v = -8 - -10. Let q(t) = 0*t**2 - 2 + 4*t**v + 4 + 1 - t**3. Let s be q(3). What is the highest common divisor of s and 84?
12
Let o(x) = 93*x + 376. Let g be o(-4). Let i = -5 + 11. What is the greatest common factor of g and i?
2
Suppose 5*z = -4*w + 343, 5*w - 492 + 22 = 2*z. Calculate the greatest common factor of w and 23.
23
Suppose 4*v + 5 + 3 = 0. Let w be (-4)/(v + 22/12). What is the highest common divisor of 8 and w?
8
Suppose i + i - 4*k + 4 = 0, 0 = -3*i + 4*k. Let q be i*-4*2/(-16). Let w be 1/(q/(-2 + 4)). Calculate the greatest common divisor of w and 5.
1
Suppose -79*r = -81*r + 46. Let a be 2/10 - 228/(-10). What is the greatest common divisor of r and a?
23
Let x be 36/24*(-16)/6. Let c be (-7)/(-3) - (40/12 + x). Suppose -2*n + 66 = -0*n. Calculate the greatest common factor of n and c.
3
Suppose 3*z - 3*a - 10 = z, 15 = z - 4*a. Let n = 0 - z. Suppose -27 - 36 = -9*r. What is the highest common divisor of n and r?
1
Let h be (-2 + 0)*(-55)/2. Let r = -85 - -90. Calculate the highest common factor of r and h.
5
Let k = 67 - 65. Suppose 3*d + 3*h - 556 = -d, k*d - 5*h = 252. What is the greatest common divisor of 17 and d?
17
Let d(k) = -2*k**2 - 16*k + 10. Let y be d(-8). Let j be (-50)/6 - (-20)/(-30). Let n be (-15)/(-1)*(-24)/j. What is the greatest common factor of y and n?
10
Let m = 57 - 49. Calculate the highest common factor of 116 and m.
4
Let t be (-1 + -2)/(45/(-645)). What is the greatest common factor of 3 and t?
1
Let a(f) = 21*f - 362. Let w be a(19). Suppose d + 4*o - 54 = 0, 4*d + o - 170 = 121. Let j be (d/5)/(3/15). Calculate the greatest common divisor of j and w.
37
Let z = -12 - -15. Suppose z*h + 5*s = -0*h + 660, 424 = 2*h - 2*s. Let c be h + -1 - (-12)/6. Calculate the greatest common divisor of 27 and c.
27
Let s(v) = -v**3 - 8*v**2 + 7*v - 8. Let u be s(-9). Suppose 13 = l - 12. Calculate the highest common divisor of u and l.
5
Let o(w) = 36*w**2 - w + 6 + 6 - 13. Let u be o(-1). Calculate the highest common divisor of 12 and u.
12
Suppose -5*q = 5*p - 12 - 18, 3*q - 5*p = 2. Suppose -g - q*u = -4*g + 148, -g + 43 = 5*u. Suppose -g = -3*y - y. What is the highest common factor of y and 24?
12
Let z = 83 - 65. Calculate the greatest common factor of z and 234.
18
Let l(t) = -3*t + 4. Let m be l(-3). Calculate the greatest common divisor of m and 299.
13
Suppose -83*q + 108*q = 9375. Calculate the greatest common divisor of q and 60.
15
Let i be 5*26/(-7)*(-77)/55. Calculate the highest common divisor of 6 and i.
2
Suppose 3*u - 1 = -3*f + 74, -3*u = -12. What is the highest common factor of 189 and f?
21
Suppose 4*a = a + 246. Suppose 3*h = a + 143. Suppose 3*i + 2*c - 53 = 0, 2*c - 15 - 23 = -2*i. Calculate the greatest common factor of i and h.
15
Let p be (-2088)/(-33) + 48/(-176). What is the greatest common factor of 14 and p?
7
Suppose 5*h = 6*h + 39. Let r = -16 - h. What is the greatest common factor of 253 and r?
23
Let f = -71 - -169. Suppose -302*v + 14238 = 37*v. What is the greatest common factor of f and v?
14
Let l = 1 + 7. Suppose 2*n = 5*i + 27, i + 2*i + 13 = n. Calculate the highest common divisor of l and n.
8
Suppose -9*m = -2*m - 392. What is the highest common factor of m and 70?
14
Let w = 3 - -1. Suppose 52 = w*k - 24. Suppose 3*c - 384 = -3*x, -3*x + 4 - k = 0. What is the greatest common factor of 19 and c?
19
Let d(j) = j**3 + 5*j**2 - 6*j + 4. Let h be d(-6). Let s(v) = -v**3 - 5*v**2 + 7*v + 22. Let l be s(-6). What is the greatest common factor of l and h?
4
Let q(c) = 15*c**2 + 58. Let o be q(7). What is the highest common divisor of 13 and o?
13
Let x = 960 + -315. Calculate the highest common factor of 15 and x.
15
Let d = 1696 - -356. What is the highest common divisor of 76 and d?
76
Suppose -2*n = n - 5*q - 348, -611 = -5*n - 2*q. Suppose -5*d = -2*h + 47, 4*h + 7*d - 2*d - 19 = 0. Calculate the greatest common divisor of h and n.
11
Suppose 14*l + 273 = 27*l. Calculate the highest common divisor of l and 12.
3
Let z(i) = 2*i**2 - 8*i - 5. Let l be -7 + 8 + 2*2. Let f be z(l). Suppose -24 = -f*v + 31. What is the greatest common factor of 77 and v?
11
Suppose -7*k + 360 = 346. What is the greatest common factor of k and 53?
1
Let q(l) = 2*l**2 - 3*l + 1. Let j be q(2). Suppose 3*t - 4*r - 48 = 0, 0*t = 2*t + 4*r - 12. Let i = t - 6. Calculate the highest common divisor of j and i.
3
Suppose 0*s - 2*q = -3*s + 16, -15 = 3*q. Let g = 8 - 8. Suppose g = 5*l - s*l - 561. Calculate the highest common factor of l and 17.
17
Let t be (6/4)/(5/10). Suppose 7 = t*a - 11. Let y be 9 - 1 - (3 - 2 - -3). Calculate the greatest common divisor of a and y.
2
Suppose -4*r - 324 = -356. What is the highest common factor of r and 448?
8
Let p(t) = t**2 + 2*t + 1. Let c be p(2). Let f be ((-34)/(-5))/(1/(-5)). Let d = f - -40. Calculate the highest common factor of d and c.
3
Suppose -31*c + 660 = -29*c. Calculate the highest common factor of c and 132.
66
Let l be 159 + (-9)/(-24)*-4*2. What is the highest common divisor of l and 117?
39
Suppose -5*p + 395 = 75. Suppose -3*g - 240 = -11*g. Let w = -22 + g. Calculate the greatest common divisor of p and w.
8
Let g = 36 - 19. Let q = -8 + g. Calculate the greatest common factor of 9 and q.
9
Let a(r) = 6*r**2 - 697*r - 3514. Let o be a(-5). Let h = 11 - 0. What is the highest common factor of h and o?
11
Suppose 2*m + 0*m + 5*s + 16 = 0, 4*m + 5*s + 12 = 0. Calculate the greatest common factor of m and 338.
2
Let w = 108 - 266. Let c = 257 + w. What is the highest common factor of 33 and c?
33
Suppose -2*q + d + 5 = -6, 2*q + 9 = -3*d. Let a be (66/18)/(q/72). What is the greatest common factor of a and 11?
11
Let q = -133 + 148. Let n(c) = -13*c - 10. Let g be n(-10). What is the greatest common factor of q and g?
15
Let q = -58 + 20. Let a = -23 - q. What is the greatest common factor of a and 75?
15
Suppose 19*j - 31 = 501. Suppose 0 = -3*i + 5*i - 6. Suppose 4*r + 3*c = 100, r + i*r - c - 116 = 0. Calculate the highest common factor of r and j.
28
Let w be (56/(-12))/((-6)/9). Let j(m) = m**2 - 4*m - 9. Let q be j(w). Let h be (-652)/(-6) - (-2)/(-3). What is the greatest common divisor of h and q?
12
Let u(h) = -h**3 + 4*h**2 + 6*h + 2. Let d be u(5). Suppose d*x - 282 + 93 = 0. Calculate the highest common divisor of x and 81.
27
Let r(y) be the first derivative of y**3/3 - 9*y**2/2 - 35*y + 20. Let f be r(16). What is the greatest common divisor of f and 7?
7
Let g(l) = -121*l - 7 + 110*l - 9. Let w be g(-17). Let d be w - -2 - (-2)/1. What is the greatest common divisor of d and 35?
35
Let u = 905 - 860. Calculate the highest common divisor of 1125 and u.
45
Let j be 5/15 + 52/6. Suppose 5*z + 252 = j*z. Calculate the greatest common factor of 9 and z.
9
Suppose 0 = -v - 3*m + 15, 0 = v - 3*m - 5 - 28. Let c(z) = -12 - 3*z + 9 + v. Let i be c(-17). What is the highest common divisor of i and 9?
9
Suppose 1763 = 3*g - 13*s + 14*s, 2943 = 5*g - 3*s. Calculate the highest common divisor of 24 and g.
12
Let o be 1*-2 - 4 - (-18 - 14). What is the greatest common factor of o and 598?
26
Let g = 2 - 2. Suppose 0 = 3*f - 5*r - 763, g*r = 5*f - 4*r - 1276. Let q = 8304 - 8272. What is the greatest common factor of q and f?
32
Let k(q) = -3*q - 9. Let l be k(-11). Suppose 6*o = 2*p + 4*o - l, 3*p + o - 24 = 0. What is the highest common divisor of 99 and p?
9
Let y(n) be the first derivative of 2*n**3/3 - 15*n**2/2 - 9*n - 23. Let c be y(9). Let l be (-109)/(-2) - 1/2. What is the highest common factor of c and l?
18
Suppose 5*c - 3 = 3*b + 59, -4*c + b = -44. Calculate the highest common factor of 160 and c.
10
Let k be (-1)/3 - 13/(-3). Suppose -10 = -b - 2*j, k*b = -j + 5*j - 8. Let p = -520 - -528. What is the highest common divisor of b and p?
2
Suppose 276 = 19*c - 3315. Calculate the highest common factor of 42 and c.
21
Let d(c) = 4*c**2 + 4*c - 6. Let v(j) = -2*j + 30. Let h be v(17). Let a be d(h). What is the greatest common divisor of a and 14?
14
Let c be 72/16 - 2/(-4). Suppose h = c*h - 32. What is the greatest common divisor of 2 and h?
2
Suppose -3*c - 70 = -4*c. Let a = c - 37. Suppose f - a = 31. What is the highest common divisor of 8 and f?
8
Let